*m - c = 178. Calculate the remainder when m is divided by 12.
11
Suppose 1 - 298 = 9*r. Let l = 60 + r. What is the remainder when 105 is divided by l/6*-1*2*-4?
33
Suppose -4*y + 28 + 8 = 0. Let p be (-3)/18 + 2/12. Suppose p = -15*t - 27 + 117. Calculate the remainder when y is divided by t.
3
Suppose 10*p - 5586 = 29*p. Let u = p + 312. What is the remainder when 34 is divided by u?
16
Let i = -26 + 42. Let q(v) = v**3 + 33*v**2 - 75*v - 32. Calculate the remainder when q(-35) is divided by i.
15
Suppose s = -s + 26. Let h(i) = 25*i - 399. Let p = -348 + 368. What is the remainder when h(p) is divided by s?
10
Let d(g) = 2206*g**3 + g**2 + 181*g - 182. What is the remainder when d(1) is divided by 159?
139
Let a = -4611 - -4640. Let h(u) = 14*u + 1. Let m = -6 - -12. Calculate the remainder when h(m) is divided by a.
27
Suppose -2*v = -5*v + 45. Suppose -4*g - 3*w + 28 = 0, 2*g - 2*w = 1 + 13. Suppose -g*p - 186 + 235 = 0. Calculate the remainder when v is divided by p.
1
Let g = 53 + -42. Calculate the remainder when (-18)/((7/(-42))/(5 + -4)) is divided by g.
9
Let f = -7 + 13. Let y(u) = 2*u**2 + 7*u - 4. Suppose -95 = -34*k + 292 + 89. Calculate the remainder when y(f) is divided by k.
12
Let i(v) = -v**3 - 35*v**2 - 33*v - 90. Let j be i(-34). Let h = 76 - j. Calculate the remainder when h is divided by 51.
47
Let q = -162 + 17. Let g = q - -194. What is the remainder when g is divided by 15?
4
Calculate the remainder when (-628)/(-20) + (-2)/5 is divided by ((-36)/(-162) + 333/(-405))/((-9)/60).
3
Let m = -5653 + 9201. Calculate the remainder when m is divided by 13.
12
Let o(k) = k**3 + 7*k**2 + 5*k - 16. Let w be 12/(-12) - (-29)/1. Suppose 4*u = -q + 71, w = 2*u - 3*q + q. Calculate the remainder when u is divided by o(-4).
5
Let f be (288/5)/(159/1060). Calculate the remainder when (-2)/15 + (-20)/(-225)*f is divided by 13.
8
Let g = 148 + -218. Let o = 90 - g. Calculate the remainder when o is divided by 54.
52
Suppose -7*o - 74 = 59. Let c = o - -13. Let t = c - -16. Calculate the remainder when 16 is divided by t.
6
Let r be ((-16)/(-40))/(4/(-600)). What is the remainder when (-4)/6 - (-53)/3 is divided by (-285)/r + 2/8?
2
Let n(g) = 51*g + 107. Let d be n(-2). What is the remainder when 186 is divided by (-3)/d - (-2147)/95?
10
Calculate the remainder when 0/14 - 8 - -1027 is divided by 41.
35
What is the remainder when (-2)/18 - (-9200411)/13032 - (-2)/16 is divided by 11?
2
Let m(d) = -d**3 - 3*d**2 + 156*d + 841. What is the remainder when 2688 is divided by m(-6)?
10
Suppose 2*d = 5*k + 28 + 19, -3*d + 2*k = -43. What is the remainder when 377 is divided by d?
3
Let g(k) = 9*k + 45. Let v be g(-5). Suppose -j + 0 - 1 = v, -310 = -w - j. Calculate the remainder when w is divided by 26.
25
Suppose -363*s + 421833 = 45039. Calculate the remainder when s is divided by 1030.
8
Let g = -266 + 464. What is the remainder when g is divided by 184?
14
Let y(b) = -3*b - 3. Let c(n) = -n - 2. Let u(s) = 5*c(s) - 2*y(s). Calculate the remainder when (1/3)/(14/714) is divided by u(14).
7
Let t = 210 - 104. Let u = 135 - t. Let s = 45 + u. What is the remainder when s is divided by 25?
24
Suppose 0 = v - 5*w + 10 + 4, 0 = -v + 14*w - 41. Calculate the remainder when 224 is divided by v.
0
Let w = -4179 + 4190. Calculate the remainder when 923 is divided by w.
10
Suppose -2*t + 3*y - 832 = -2671, 3*t - 2721 = -3*y. What is the remainder when t/9 - 9 - (-5)/3 is divided by 24?
22
What is the remainder when 188 is divided by (28 + 0)/(22/(-165)*-30)?
6
Suppose -221 = -3*s - 10*s. What is the remainder when 27 - 5/10*0/2 is divided by s?
10
Suppose -62*y = 390 - 3366. Let v = -590 + 601. What is the remainder when y is divided by v?
4
Let k = 429 - -2263. What is the remainder when k is divided by 35?
32
Suppose 55 = 5*h + 45. Let q(o) = 2*o**2 + 5*o + 5. What is the remainder when 588/10*5/h is divided by q(-5)?
27
Let q(u) = 28*u**2 + 351*u + 1746. What is the remainder when q(-5) is divided by 78?
67
Suppose 44*h = 29*h - 4*h + 3154. What is the remainder when h is divided by ((-1)/1 + 3)/(2/62)?
42
Suppose -1600 = 2*q - 1600. Suppose 3*z + 74 - 629 = q. What is the remainder when z is divided by 32?
25
Suppose 0 = l - 4*i - 1050, l - 72*i - 1044 = -70*i. Calculate the remainder when l is divided by 148.
2
Let a be 0 + 593 - (-14 - -14). Let p = 862 - a. Suppose -p - 76 = -5*b. What is the remainder when b is divided by 36?
33
Suppose 5*w - 20 = 2*q, -18 + 6 = 4*w + 4*q. Let p = 2433 + -2419. Calculate the remainder when w/(-3)*(-159)/2 is divided by p.
11
Let i(a) = -19 + 29 - a**2 - 12 + 8*a. Let f be i(6). Suppose -12*b = -f*b - 42. Calculate the remainder when b is divided by 11.
10
Let r be (4/6)/(12/1854). Let a = r - -96. Calculate the remainder when a is divided by 50.
49
Suppose -26*d = -36*d + 5500. Suppose -d + 958 = 8*r. Suppose 3*g - g + 3*s - 32 = 0, -g = 4*s - 21. What is the remainder when r is divided by g?
12
Suppose -13*o - 72 = -293. Suppose -155 = -o*y + 83. Calculate the remainder when 97 is divided by y.
13
Let p(a) = 3*a**2 - 7. Let x be p(9). Suppose 164 = -9*f + x. Calculate the remainder when 91 is divided by f.
3
Let y = 210 + -116. Suppose y*q - 66 = 91*q. What is the remainder when 37 is divided by q?
15
Let s = 3930 + -3357. Calculate the remainder when s is divided by 41.
40
Suppose 5*d - 54 = p, -14 = -d - p - 2*p. Suppose -4*m = -i, -5*m = 4*i + 11 - 53. Let a = i - -34. What is the remainder when a is divided by d?
9
Calculate the remainder when 84 is divided by ((-48)/(-18))/((-18)/(-351)).
32
Suppose -5*m + 4*q + 3 + 2 = 0, -2*m - 21 = 3*q. What is the remainder when (176/6 - -1)*3 is divided by (m + -8 + 12)*31?
29
Let x(t) = -5*t**3 - 39*t**2 - 74*t - 4. Calculate the remainder when 503 is divided by x(-2).
27
Suppose 10*s - 23976 = -44*s - 0*s. Calculate the remainder when s is divided by 141.
21
Suppose -3*v + 46 = -3*b + 1, -v - 5*b + 9 = 0. Let n = 243 - 346. Let u = -40 - n. What is the remainder when u is divided by v?
7
What is the remainder when 913 is divided by ((-1372)/(-56) + -23)*((-160)/3)/(-2)?
33
Suppose -12*j - 284 = -61*j - 39. Let g = -74 - -111. Suppose 38 + 14 = 2*s - h, s + j*h = g. Calculate the remainder when 79 is divided by s.
25
Suppose 19*p - 3*p - 688 = 0. Let l = -41 + p. Suppose -4 - 14 = -l*g. What is the remainder when 24 is divided by g?
6
Suppose -9 = -2*o + 5*c, 0*c + 2 = o - 5*c. Let h be 264/(-56) - -5 - (-54)/o. Calculate the remainder when 34 is divided by (-1)/(-2) - (-5 - (-4)/h).
4
Suppose 5121 = -38*v + 19295. What is the remainder when 1008 is divided by v?
262
Let z = -2408 + 2434. Calculate the remainder when 89 is divided by z.
11
Suppose -2*o - 24 = -2*i, -o = -i + 6*i - 78. What is the remainder when 42 is divided by ((-8)/(-40))/((-2)/(-10))*i?
12
Let z(k) = k**3 - 10*k**2 - 15*k + 43. Let o be z(11). Let p(a) = -183*a**3 + 2*a**2 + a. What is the remainder when p(o) is divided by 47?
43
Let a be (204/21)/(3/21). Suppose -4*k = -3*q + 156, 0 = q + 5*k + 16 - a. Let y = q + -33. What is the remainder when 36 is divided by y?
17
Suppose -3*o + 75 = -4*x, -85*o + 75 = -82*o - x. Calculate the remainder when 260 is divided by o.
10
Let p(k) = 62*k + 173. Let a be p(13). Suppose -1165 = -6*i - a. Calculate the remainder when 59 is divided by i.
28
Let q = 22561 + -22328. What is the remainder when q is divided by 38?
5
Let h = -2930 - -3189. What is the remainder when 265 is divided by h?
6
Let w = -383 + 364. Let d(q) = -7*q + 4. Calculate the remainder when d(-5) is divided by (w/((-114)/36))/((-2)/(-3)).
3
Let u be (8/6)/((-6)/(270/5)). Let w = u + 65. What is the remainder when w is divided by 3?
2
Suppose -12*x + 39*x - 324 = 0. Suppose -x*f = -14 - 190. Calculate the remainder when 59 is divided by f.
8
Suppose -65 = -221*q + 216*q. Suppose 5*o - 234 = -q*o. What is the remainder when 47 is divided by o?
8
Suppose 278*o = -l + 283*o + 860, -o = 3*o. Calculate the remainder when l is divided by 51.
44
Suppose 0 = -3*b + 6 + 9. Suppose -4*c - 14 = -b*c. Let q(p) = -4*p**2 + 58*p - 8. Calculate the remainder when q(14) is divided by c.
6
Suppose -15*n + 5*k - k + 1769 = 0, 0 = -2*n + 2*k + 230. What is the remainder when n is divided by 28?
7
S